pose g = -2*p - 4*t, -3*t = 5*p + 9 + 25. Let x(v) = v**2 + 6*v - 5. Give x(p).
-10
Let j(v) be the second derivative of v**5/20 - v**4/2 + v**2 + 8*v. What is j(6)?
2
Let q(f) = -f**2 - 11*f - 1. Let o(g) = g**2 + 10*g + 1. Let b(v) = -4*o(v) - 3*q(v). Determine b(-4).
11
Let d(j) = 1 - 5*j + 3*j + 5*j. Determine d(-2).
-5
Let n(c) = -c**3 + 8*c**2 - 8*c - 8. Let a(l) = -3*l**3 + 17*l**2 - 16*l - 17. Let j(h) = -2*a(h) + 5*n(h). Calculate j(-7).
1
Let v(y) be the first derivative of y**2/2 - 1. Let f(r) = -4*r + 3. Let s(d) = -f(d) - 6*v(d). Determine s(-4).
5
Let i(g) = 7*g - 3. Let q(w) = 13*w - 5. Let j(r) = 11*i(r) - 6*q(r). Determine j(-2).
-1
Let z(j) be the second derivative of j**3/6 - j**2/2 + j. Calculate z(-1).
-2
Let r(d) be the second derivative of -2*d + 1/12*d**4 + 1/2*d**3 + 3/2*d**2 + 0. Determine r(-2).
1
Let h(f) = -f - 4. Let z(m) = -8*m**2 - 2*m + 1. Let r(x) = x**2 - 1. Let n(b) = 2*r(b) + z(b). Let u be n(-1). Give h(u).
1
Let g(l) = l**2 + 8*l + 8. Let n be g(-7). Let u be (n/(-1))/(2/(-8)). Let m(p) = -p + 4. Give m(u).
0
Let n = -2 + 4. Suppose 0 = -3*w + 6 - 3. Let j(b) = 4*b - 3*b**3 - 2*b - w + 2*b**3. Give j(n).
-5
Let u be ((-1)/(0 - 1))/1. Let v(w) = w**2 + w + 1. Let h(y) = -4*y - 2. Let x = 4 - 3. Let r(d) = u*v(d) + x*h(d). What is r(-2)?
9
Let w be 2/7 + 52/14. Let t(r) be the second derivative of -r**5/20 + r**4/2 - r**3 + 5*r**2/2 + 17*r. What is t(w)?
13
Let n(u) = 7*u + 8. Let a(l) = 20*l + 25. Let r(c) = 6*a(c) - 17*n(c). What is r(-11)?
3
Let m(o) = -o**2 - 7*o - 5. Let c be m(-6). Let z(x) = -x + 6*x + 3 - 3*x + c. Give z(-3).
-2
Let d be 3*(-5)/30*0. Let w(y) be the third derivative of 1/12*y**4 + 0 + 1/30*y**5 + 1/6*y**3 + 3*y**2 + d*y. Determine w(-1).
1
Let i(q) = q**3 + 9*q**2 + 9*q + 7. Let n be i(-8). Let a = -5 - n. Let b(d) be the first derivative of -d**4/4 - 5*d**3/3 - 2*d**2 - 2*d - 2. Calculate b(a).
-2
Let t(y) = y**2 - 6*y + 4. Let k = -12 - -20. Let n be -6*(4 - 36/k). Give t(n).
-5
Let z be -5 + 3/1 + 2. Let x(g) be the second derivative of z + 0*g**2 - 5/6*g**3 + g. Determine x(-1).
5
Let d be (-18)/(-4)*10/(-15). Let p = 2 - d. Suppose p*l + 5 = -5. Let i(s) = -2*s. Determine i(l).
4
Let y(c) = -8*c**3 - c**2 + 1. Let p(u) = -u**2 + 6*u + 7. Let g be p(7). Let n = g + 4. Suppose 2*i - 3*l = -2, 3*i - 2*l + n = -i. Determine y(i).
8
Let d(o) = -3*o**2 + 37*o - 11. Let i be d(12). Let p(q) = -4*q**2 + 2*q - 1. Determine p(i).
-3
Let a(m) = -3*m + 2. Let q be a(2). Let h(v) be the first derivative of 2*v - 1/3*v**3 - 5/2*v**2 + 3. Determine h(q).
6
Let h(d) = -d**3 + 222*d**2 + 2*d - 3 - 230*d**2 - 3*d. Give h(-8).
5
Suppose z - 11 + 3 = 0. Let g(h) = -4*h + 4*h - 3*h + 2*h + z. Determine g(6).
2
Let u be -1 + 3 + 22/2. Let p = 8 - u. Let z(k) = -k + 1. Let d(v) = v**2 + 9*v - 7. Let r(g) = d(g) + 5*z(g). What is r(p)?
3
Let z(q) = 2 - 3*q + q + q. Let p = 15 + -21. Let b = p - -10. Determine z(b).
-2
Let m(h) = 8*h + 11. Let z(q) = -2*q + 3*q + 12 + 8*q. Let t(a) = -6*m(a) + 5*z(a). Give t(-5).
9
Let p(u) = -u + 7. Let s be p(5). Let k(b) = 0*b - 3*b + s*b. Calculate k(5).
-5
Let l(i) = i**3 + i**2 + 8. Let p(k) = 2*k + 9. Let t(w) = -2*w + 4. Let x be t(5). Let y be p(x). Let q = y - -3. Determine l(q).
8
Let v(x) be the third derivative of -x**6/120 - x**5/12 - x**4/6 - x**3 + x**2. Let s(l) = 8*l**2 + 3 + 2 - l**3 + l - 3*l + 7. Let q be s(8). Calculate v(q).
-6
Suppose -10*z + 10 = -5*z. Let i(r) = -3*r + 3. What is i(z)?
-3
Let v(j) = -j**3 + 3*j**2 - 3*j - 4. Let n(a) = a**2 - 3*a. Let g(d) = d. Let t(z) = 2*g(z) + n(z). Let b(w) = 3*t(w) + v(w). Calculate b(5).
-9
Let i(y) be the first derivative of -1/3*y**3 - 1 - 7/2*y**2 + 3*y. Calculate i(-6).
9
Suppose 15 = 3*n + 27. Let u(j) be the third derivative of 0*j + 1/6*j**4 + j**3 + 2*j**2 + 0 + 1/60*j**5. Give u(n).
6
Let g(s) be the second derivative of -s**4/12 + 4*s**3/3 + 2*s**2 - 178*s. Let i = 2 - -4. Determine g(i).
16
Let v(j) = -j + 7 + 0*j - 4 - j**2. Suppose -2*c - 4*h = 2*c, 3*c - h + 12 = 0. Determine v(c).
-3
Let r(j) be the first derivative of j**2/2 - 3*j - 2. Suppose -w + 1 = -4. Suppose -2*v + 3 = -3*v, 21 = w*p - 2*v. Give r(p).
0
Let z(m) be the third derivative of -m**6/120 - m**5/30 + m**4/6 - 5*m**3/6 - 17*m**2. Give z(-4).
11
Let w(o) = -o**2 - 3*o + 5. Suppose -2*l = 3*l + 20. What is w(l)?
1
Let w be (0 + (0 - 0))/(-1). Suppose 0 = -5*l + 5*u - 15, w = l + 2*u + 2 + 1. Let r(f) be the first derivative of f**2/2 + f + 45. Give r(l).
-2
Let w(h) = -h**3 + 4*h**2 - 4*h + 3. Suppose c + 4*c = 0. Let r(g) be the first derivative of g**4/4 - g**3/3 - g**2/2 + 3*g - 1. Let s be r(c). Give w(s).
0
Let y(v) be the third derivative of -v**4/6 - 2*v**3/3 - 4*v**2. Calculate y(-3).
8
Let c(g) be the second derivative of g**5/20 - 5*g**4/12 - g**3/3 + 2*g**2 - 8*g. Give c(5).
-6
Let k(l) = l**2 - 2*l + 8. Let g(p) = p**2 - p + 7. Let s(w) = 3*g(w) - 2*k(w). Determine s(0).
5
Let q(u) be the third derivative of u**5/60 - u**4/6 + u**3/6 + u**2. Suppose -2 = -4*s + 22. Calculate q(s).
13
Let t(k) = k**3 - 5*k**2 - 6*k + 8. Suppose 0*s + 3*s - 4*i - 10 = 0, 3*s = -3*i + 24. Give t(s).
8
Let q(t) = -37*t + 4. Let w(b) = -7*b + 1. Let f(j) = -6*j + 1. Let p(y) = -5*f(y) + 6*w(y). Let z(x) = 7*p(x) - 2*q(x). Give z(1).
-11
Let x(l) = 7*l**3 + 8*l**2 - 6*l + 4. Let c(w) = -w**3 + w - 1. Let f(o) = -6*c(o) - x(o). Let i be f(-8). Let p(z) = -4*z**i - z**2 + z**2. What is p(-1)?
-4
Let l be -7*(-3 - 45/(-21)). Let r(b) be the third derivative of 1/120*b**6 + 0 + 0*b + 4*b**2 + 7/6*b**3 - 1/12*b**5 - 7/24*b**4. Give r(l).
1
Let b(h) = 8*h**3 - 3*h**2 - 2*h + 1. Let u(z) = -z**2 - z. Let i(c) = -b(c) + 3*u(c). Calculate i(-1).
8
Let p(b) = 11*b - 1. Suppose 3 = 5*g + 8. Give p(g).
-12
Suppose 0*l + 3*l = 3. Let o be -2*(-1 + (-3)/6). Let j(a) = -2*a - o*a - a. Determine j(l).
-6
Let u be 150/35 - 1*4/14. Let k(w) = w**2 - 3*w - 2. What is k(u)?
2
Let k(b) = -3*b**2 + 11*b**2 + 2*b - 5*b**2 - b**3 + 2 - b. Calculate k(3).
5
Let n(z) = -2*z**2 + 2*z + 1. Let m = -5 - 5. Let l(q) be the third derivative of -q**4/24 - 4*q**3/3 + q**2. Let u be l(m). Give n(u).
-3
Let v = -1 + -4. Let m(q) = -q**2 - 7*q - 5. Give m(v).
5
Suppose 0*d = -2*d - 6. Let s(l) = 2*l - 2*l - l - l**2. Determine s(d).
-6
Let i(j) = 0*j - 4 - j + 1 - 2. Calculate i(-3).
-2
Suppose -2*u + 3 = -5*u. Let l(m) be the first derivative of -3*m**4/4 - 2*m**3/3 + m + 70. Determine l(u).
2
Let y be -3*(0 + (-4)/(-6)). Let u(b) be the second derivative of b**3/3 + 3*b**2/2 - 21*b. Calculate u(y).
-1
Let u be 1 - (1 - 0)*3. Let q = 7 + u. Let f(i) = 2*i**2 + 3*i - 1 - i**2 + q. Calculate f(-3).
4
Let p = 10 + -10. Let c(r) = r. What is c(p)?
0
Suppose 5*x + 2*a - 20 = 0, 0 = 3*x - 0*a + 5*a - 31. Let o(f) = 2*f**x - 10 - 2*f - 5*f**2 - f**2 + f**3 + 4. What is o(5)?
9
Let p(h) be the second derivative of h**3/6 - 3*h**2/2 + 33*h. Give p(-4).
-7
Suppose 4*l + 12 = -3*h, -l = -2*h + 2*l + 9. Let g(f) be the first derivative of -8*f - 1 + 1/2*f**2. Determine g(h).
-8
Let z(w) be the first derivative of w**5/60 + 5*w**4/24 - w**3/6 - w**2 + 3. Let q(d) be the second derivative of z(d). Calculate q(-5).
-1
Suppose -4*a - 6 + 18 = 0. Let x(v) = v + 4 - a + 3. Give x(0).
4
Let m(u) = -u**3 - u + u**2 + u + 0*u**3 - 1. Let a(r) = 2*r**2 + r - 3*r**3 + r**2 - 4 + 2*r**2. Let k(j) = a(j) - 2*m(j). Calculate k(3).
1
Let k(a) = -a**2 + 4*a - 2. Let d(z) = -z + 1. Let g(b) = -5*b + 4. Let r(u) = 4*d(u) - g(u). Let i(w) = k(w) - 5*r(w). Determine i(-2).
-4
Suppose s = -4*s. Let k(x) = s*x - x - 3*x**2 + 4*x**2 + 1 + 0*x**2. Give k(1).
1
Suppose -8 = 28*i - 24*i. Let v(d) = 5*d**3 + 4*d**2 + 3*d + 2. Give v(i).
-28
Let o(s) = -9*s + s**2 - 1 + 6 - 1 - 2. What is o(8)?
-6
Let z(x) = 7*x - 3*x + x - x - 2. What is z(4)?
14
Let y(v) = -17*v**2 + v - 1. Let r be (-2 + 25/10)*2. Give y(r).
-17
Suppose 3*n - 3*o = 6*n - 12, 2*o = -5*n + 11. Let t = 3 - n. Suppose 2*z + t = -0*z. Let d(s) = -4*s**3 - s**2 - s - 1. Determine d(z).
3
Let m = 1 + 0. Let x = 12 + -2. Let j(f) = -f**3 - 3*f**3 - x*f + 10*f. What is j(m)?
-4
Let s(g) = g + 4. Let l = 13 - 16. Let k = l - -3. Determine s(k).
4
Let l(j) be the second derivative of -j - 1/12*j**4 + 0 - j**2 - 1/2*j**3. Let i = -14 - -10. Deter